the hundred millions digit of 473567348?
4
What is the millions digit of 1036291281?
6
What is the hundred thousands digit of 1805368653?
3
What is the tens digit of 1597276133?
3
What is the thousands digit of 25489653?
9
What is the thousands digit of 676992968?
2
What is the thousands digit of 9144938?
4
What is the ten millions digit of 47015530?
4
What is the ten millions digit of 175171874?
7
What is the tens digit of 551539537?
3
What is the millions digit of 135894864?
5
What is the hundred thousands digit of 9805265?
8
What is the millions digit of 2474958000?
4
What is the hundred thousands digit of 14415194?
4
What is the thousands digit of 18748617?
8
What is the hundred thousands digit of 20141055?
1
What is the hundred thousands digit of 420974807?
9
What is the ten millions digit of 1546939647?
4
What is the thousands digit of 2074331764?
1
What is the hundreds digit of 217038554?
5
What is the ten millions digit of 3817001750?
1
What is the hundreds digit of 6294014231?
2
What is the hundred thousands digit of 600804901?
8
What is the millions digit of 463090365?
3
What is the units digit of 65723319?
9
What is the hundred millions digit of 101316718?
1
What is the hundreds digit of 468374111?
1
What is the hundred millions digit of 129854765?
1
What is the tens digit of 64035214?
1
What is the millions digit of 28636698?
8
What is the ten millions digit of 35815300?
3
What is the units digit of 541318702?
2
What is the thousands digit of 98722?
8
What is the hundred thousands digit of 213381070?
3
What is the units digit of 1315470181?
1
What is the tens digit of 765802070?
7
What is the hundred thousands digit of 4102270804?
2
What is the tens digit of 53462307?
0
What is the thousands digit of 3321811021?
1
What is the hundred thousands digit of 52226963?
2
What is the millions digit of 565017018?
5
What is the ten millions digit of 25986225?
2
What is the thousands digit of 166069833?
9
What is the millions digit of 30075524?
0
What is the hundreds digit of 218244344?
3
What is the ten millions digit of 344303634?
4
What is the ten millions digit of 524061258?
2
What is the units digit of 65755491?
1
What is the hundred thousands digit of 3927398?
9
What is the tens digit of 1203779336?
3
What is the hundred thousands digit of 1991304545?
3
What is the ten thousands digit of 79497046?
9
What is the hundred thousands digit of 359128552?
1
What is the hundred thousands digit of 1605745664?
7
What is the hundreds digit of 606099174?
1
What is the tens digit of 9152723?
2
What is the tens digit of 2453449857?
5
What is the hundred thousands digit of 2276225619?
2
What is the millions digit of 1131516691?
1
What is the hundred thousands digit of 28703159?
7
What is the tens digit of 227890667?
6
What is the billions digit of 8055884566?
8
What is the millions digit of 1170940356?
0
What is the ten thousands digit of 153757112?
5
What is the units digit of 110294268?
8
What is the thousands digit of 252313525?
3
What is the thousands digit of 74548662?
8
What is the units digit of 3922279850?
0
What is the thousands digit of 962632360?
2
What is the millions digit of 330713967?
0
What is the units digit of 6146182552?
2
What is the units digit of 1513074867?
7
What is the tens digit of 1983417844?
4
What is the millions digit of 7336380476?
6
What is the units digit of 3984987633?
3
What is the millions digit of 49142816?
9
What is the ten millions digit of 1591537733?
9
What is the ten millions digit of 24172782?
2
What is the billions digit of 5722764551?
5
What is the tens digit of 112735182?
8
What is the ten thousands digit of 39791138?
9
What is the thousands digit of 18287951?
7
What is the millions digit of 76091992?
6
What is the hundred thousands digit of 105532324?
5
What is the ten thousands digit of 27816150?
1
What is the ten thousands digit of 623589686?
8
What is the tens digit of 109688752?
5
What is the ten millions digit of 3643244856?
4
What is the tens digit of 137391378?
7
What is the thousands digit of 103190312?
0
What is the ten thousands digit of 1449870672?
7
What is the hundred millions digit of 5040736215?
0
What is the ten millions digit of 219817644?
1
What is the thousands digit of 107263527?
3
What is the tens digit of 100725954?
5
What is the hundreds digit of 102609449?
4
What is the units digit of 1036860904?
4
What is the tens digit of 19389857?
5
What is the hundred millions digit of 145682345?
1
What is the hundred thousands digit of 103550683?
5
What is the ten millions digit of 62964279?
6
What is the ten millions digit of 639021591?
3
What is the units digit of 712257407?
7
What is the hundreds digit of 4653534?
5
What is the units digit of 15632641?
1
What is the units digit of 44158518?
8
What is the hundred millions digit of 441839119?
4
What is the hundred thousands digit of 141147004?
1
What is the tens digit of 3687464819?
1
What is the millions digit of 256572785?
6
What is the millions digit of 446432508?
6
What is the ten millions digit of 629007628?
2
What is the millions digit of 7165155?
7
What is the ten millions digit of 76420702?
7
What is the thousands digit of 1211094488?
4
What is the millions digit of 2294057050?
4
What is the ten thousands digit of 1368931485?
3
What is the thousands digit of 556429056?
9
What is the tens digit of 188290915?
1
What is the hundred thousands digit of 1004038583?
0
What is the units digit of 594008707?
7
What is the tens digit of 53894157?
5
What is the thousands digit of 822266580?
6
What is the hundreds digit of 55232698?
6
What is the units digit of 242982923?
3
What is the ten millions digit of 76541089?
7
What is the hundred thousands digit of 247470016?
4
What is the ten thousands digit of 99974729?
7
What is the hundreds digit of 43397664?
6
What is the hundreds digit of 64740291?
2
What is the millions digit of 125849368?
5
What is the ten millions digit of 326365245?
2
What is the millions digit of 290743412?
0
What is the units digit of 2049643705?
5
What is the thousands digit of 4418903?
8
What is the units digit of 3572781148?
8
What is the hundreds digit of 562368253?
2
What is the hundreds digit of 88200069?
0
What is the tens digit of 236933667?
6
What is the ten millions digit of 98289724?
9
What is the units digit of 641525953?
3
What is the hundred thousands digit of 594059044?
0
What is the hundreds digit of 1410240559?
5
What is the billions digit of 1280281945?
1
What is the tens digit of 104635770?
7
What is the thousands digit of 48578825?
8
What is the hundred millions digit of 772624191?
7
What is the ten millions digit of 259924680?
5
What is the ten millions digit of 380603419?
8
What is the billions digit of 6486865348?
6
What is the ten millions digit of 949892217?
4
What is the ten thousands digit of 56006666?
0
What is the ten millions digit of 200747051?
0
What is the tens digit of 1845434009?
0
What is the millions digit of 906699425?
6
What is the units digit of 1230026696?
6
What is the millions digit of 769709103?
9
What is the billions digit of 6585600226?
6
What is the hundred millions digit of 383463665?
3
What is the thousands digit of 21165850?
5
What is the hundred thousands digit of 37562105?
5
What is the units digit of 1159131214?
4
What is the hundred millions digit of 2268816370?
2
What is the ten thousands digit of 3213716315?
1
What is the units digit of 91656919?
9
What is the units digit of 33401185?
5
What is the units digit of 729296901?
1
What is the ten millions digit of 2685344122?
8
What is the ten thousands digit of 84886734?
8
What is the hundred millions digit of 5119319260?
1
What is the hundred thousands digit of 12267717?
2
What is the hundred millions digit of 5103277437?
1
What is the hundred thousands digit of 2380828729?
8
What is the hundred millions digit of 115597684?
1
What is the ten thousands digit of 2000364133?
6
What is the hundred thousands digit of 102804839?
8
What is the ten millions digit of 638629139?
3
What is the ten millions digit of 6304830603?
0
What is the ten thousands digit of 43239230?
3
What is the thousands digit of 251513712?
3
What is the units digit of 49364923?
3
What is the ten millions digit of 168114403?
6
What is the units digit of 1